5*k + k + d = 0. List the prime factors of 8/(-24) + k/6.
5
Let h(s) be the first derivative of 7*s**2 + 8*s - 1/3*s**3 - 5. List the prime factors of h(13).
3, 7
Suppose 3*r + 10 = 37. Let o = r + -1. List the prime factors of o.
2
Suppose -5*f + 26998 = -2*b, 3*f - 14*b + 12*b - 16198 = 0. List the prime factors of f.
2, 3, 5
Let b(y) = 35*y**2 + 29*y - 257. What are the prime factors of b(9)?
17, 167
Suppose 0 = -m + 6*s - 2*s, -5*s - 17 = 3*m. What are the prime factors of (-167 + m + -4)*-1?
5, 7
Let h be (0 + 2)/2 + 12. Let j(o) = o**2 + 3. Let q(r) = -2*r**2 - r - 6. Let z(b) = h*j(b) + 6*q(b). List the prime factors of z(6).
3
Let d = 84 + -80. Suppose -236 = -j - k, -1194 = d*j - 9*j + 2*k. What are the prime factors of j?
2, 7, 17
Let d be 4/(-32) + (-50)/(-16). Let a be -7 - -1 - 0/d. What are the prime factors of a/(-4 - 44/(-12))?
2, 3
Let p(w) = w**2 - 8*w + 14. Let i(c) = -1. Let z(o) = -5*i(o) - p(o). What are the prime factors of z(6)?
3
Let u = 27 - 22. Let w(n) = 5*n + 5. What are the prime factors of w(u)?
2, 3, 5
Suppose 10*a - 8*a = i - 2627, -5*i = -4*a - 13153. List the prime factors of i.
2633
Suppose 23*a = 26*a - 987. What are the prime factors of a?
7, 47
Let v = 4071 - 2395. List the prime factors of v.
2, 419
Let t = -1307 + 3916. List the prime factors of t.
2609
Let j = 2020 + -906. What are the prime factors of j?
2, 557
Suppose -8964 = -207*c + 203*c. What are the prime factors of c?
3, 83
Let g(u) = -u**3 + 6*u**2 + 7*u + 3. Let p be g(7). What are the prime factors of (p + (-12)/2)*(-23)/3?
23
Suppose -z = -6*z - 40. What are the prime factors of 14/z*(-36 - 0)?
3, 7
Let t(x) = 582*x**2 - 2*x - 2. List the prime factors of t(-1).
2, 3, 97
Let h = 228 - 100. Let u = h - -48. What are the prime factors of u?
2, 11
Let d = 795 - 523. List the prime factors of d.
2, 17
Let i = 207 + -143. List the prime factors of i.
2
Suppose 0 = -3*h + 49*o - 53*o + 7100, -4734 = -2*h - 2*o. What are the prime factors of h?
2, 37
Let j(u) = 5*u**3 - 8*u + 16. What are the prime factors of j(3)?
127
Let z = 583 - 69. List the prime factors of z.
2, 257
Let x = -13 - -18. Suppose 2*z = x*z. Suppose z = l - 13 + 7. List the prime factors of l.
2, 3
Suppose -5*c + 20605 = -2*y - 0*y, -c - 2*y = -4133. List the prime factors of c.
7, 19, 31
Suppose -9*c - 10176 = -62*c. List the prime factors of c.
2, 3
Suppose -2*y + 4835 = 5*n + 1612, -5*y = 5*n - 8095. What are the prime factors of y?
2, 7, 29
Suppose 7*q = 8*q - 54. Suppose 0 = b - 158 + q. List the prime factors of b.
2, 13
Suppose 3*j + 4 = 5*a, a - 5*j = -4*a. Let y be (-57)/5 - a/(-5). Let k = -6 - y. List the prime factors of k.
5
What are the prime factors of ((-235)/(-20))/((-3)/(-576))?
2, 3, 47
Let q(a) = -a**2 + 4*a + 29. Let z be q(7). Let k = z - -12. List the prime factors of k.
2, 5
Suppose -13*z + 11*z + 3002 = 0. List the prime factors of z.
19, 79
Suppose 0 = 4*n + 5*v - 225, -3*v + 0*v = 2*n - 115. Let s = n - 22. What are the prime factors of s?
2, 7
Let t = 230 - 120. Let c(s) = -73*s + 9. Let p be c(-1). Suppose 0 = -3*a + t + p. List the prime factors of a.
2
Suppose 0 = -3*l - 4*a + 4716, 0 = 64*l - 63*l - a - 1565. List the prime factors of l.
2, 7
Suppose -r + 10 = 3. Let y = -8 - -5. Let a = r - y. List the prime factors of a.
2, 5
What are the prime factors of ((-99)/(-9) - 14) + 1*1772?
29, 61
Let l be (4 - 5)/(3/12*-1). Suppose -l*h - 93 = -5*h. What are the prime factors of h?
3, 31
Suppose 0 = -3*c - 15, 12 + 98 = -4*u + 2*c. Let o = u + 24. Let d = 55 - o. List the prime factors of d.
61
Suppose -5 - 1 = j. Let r be (-31)/11 - j/(-33). List the prime factors of r*1*(-16 + 7).
3
Let f(w) = -33*w - 153. What are the prime factors of f(-11)?
2, 3, 5, 7
Let d(y) = y**3 - 3*y**2 - 7*y - 16. Let b be d(5). What are the prime factors of (-2)/b*(-780)/(-40)?
3, 13
Let z = 4 - 2. Suppose -5*g + 2*f = 5*f - 74, z*g - 3*f = 38. List the prime factors of g/20*7*5.
2, 7
Let o(f) = f**2 + 11*f + 2. Let l be o(-15). List the prime factors of (3 + -6)/((-3)/l).
2, 31
Suppose 5*h - 3*u = 34, -4*u - 17 = -5. Let p(r) = -r**3 + 6*r**2 + 3*r + 2. Let m be p(6). Suppose 4*n = h*n - m. What are the prime factors of n?
2, 5
Let d be (-2)/(-6) - 802/(-6)*7. List the prime factors of (d/(-16))/(1/(-2)).
3, 13
Let n(w) = -509*w - 1238. What are the prime factors of n(-8)?
2, 13, 109
Let f(c) = 24 - 23 + 119*c**2 + 50*c**2. What are the prime factors of f(-1)?
2, 5, 17
Let i = -310 - -546. List the prime factors of i.
2, 59
Let h be (-8)/(-10)*(-35)/(-7). Suppose 421 = h*f + 3*a, 2*a + 0*a = -5*f + 535. What are the prime factors of f?
109
What are the prime factors of 8364/6*(4 + -3)?
2, 17, 41
Suppose 0 = 2*g - 0*g - 24. What are the prime factors of (-4)/(-3) - (-224)/g?
2, 5
Suppose -62 = 2*k - 3*m, k + 62 = -k - m. Suppose -12*d = 15*d + 513. Let v = d - k. What are the prime factors of v?
2, 3
Let w = -107 - -154. Let x = 71 - w. List the prime factors of x.
2, 3
Let h be (-3 - -3)*5/(-10). Suppose h*m + 88 = m. Let c = -54 + m. What are the prime factors of c?
2, 17
Suppose 821*c - 616 = 817*c. List the prime factors of c.
2, 7, 11
Suppose -4*c = -2*h - 3*c - 17, 0 = 4*c - 12. Let j be -1 - (278/(-12) + 37/222). List the prime factors of j*2 - (h - -4).
47
Let m = 13 + -12. Suppose -3*q + m = j, -q + 19 = q - 3*j. List the prime factors of -3*17/(-6)*q.
17
Let x be ((-36)/8)/(1/(-2)). Suppose 0 = 3*y - x, -2*s + 5*y + 371 = 2*y. Suppose 5*p - 2*a - s = 0, -4*p - 5*a + 105 = -2*p. What are the prime factors of p?
2, 5
Let q = -237 - -169. Let c = 117 + q. List the prime factors of c.
7
Suppose 0 = 7*c - 0*c. Suppose -584 = -4*z - h, -2*z = -c*z + 2*h - 286. What are the prime factors of z?
3, 7
Let k = 137 - 102. List the prime factors of k.
5, 7
Suppose -8*p + 11 = -125. Suppose -9*l = -p*l + 1496. List the prime factors of l.
11, 17
Suppose -4512 = 9*s - 18723. What are the prime factors of s?
1579
Let y(r) = 5*r**2 + 5*r + 1. Let m be y(-2). Let q = -9 + m. Suppose -4*s - q*s = -294. List the prime factors of s.
7
Suppose -5*h - 2860 = -10*h. List the prime factors of h.
2, 11, 13
Let w be (2/8 + 0)*68. Let x = w - 15. Suppose -x*a + 3 + 3 = 0. List the prime factors of a.
3
Let w be ((-3)/(-1) - 7) + 35. Suppose -13 - 5 = 2*q. Let x = q + w. What are the prime factors of x?
2, 11
Suppose 0 = -3*p - 5 - 7. List the prime factors of (44 - p)*(-15)/(-3).
2, 3, 5
Let j(c) = c + 1. Let f be j(8). What are the prime factors of (-15)/(-10)*102/f?
17
Suppose -g - 12 = -3*g. Suppose 9*k - 6*k - g = 0. Suppose -k*i - 18 = -3*i. List the prime factors of i.
2, 3
Suppose 3*f = c - 897, -5*f - 319 = -c + 570. What are the prime factors of c?
3, 101
Suppose 4*t - 2026 = -3*d, 5*t - d - 2996 = -473. List the prime factors of t.
5, 101
Let w(b) = 2*b**2 + 7*b + 1. Let z be w(5). Suppose -o - 4*u + z = o, -5*o + 4*u + 145 = 0. What are the prime factors of o?
3, 11
Let u be (1/3)/(0 + (-1)/(-18)). Suppose 0 = u*h - h + 2*m - 155, -h = -5*m - 4. What are the prime factors of h?
29
Let t be 0 - (0 + -3 - 0). Suppose t*d - 2 - 7 = 0. Suppose 2*x + d*x = 95. What are the prime factors of x?
19
Let y(t) = -t + 1. Let d be y(-8). Suppose -52 = 13*m - d*m. Let p(q) = q**3 + 12*q**2 - 16*q - 14. List the prime factors of p(m).
5
Suppose -7*b + 21 = -4*b. Suppose 5*d = b*d - 192. List the prime factors of d.
2, 3
Let h be 7/(1 + 0) - 1. List the prime factors of (-126)/(-2) - (-3)/h*2.
2
Suppose -48 = 10*s + 202. Suppose -r = -k - 46, 0*r + k - 50 = -r. Let g = r + s. List the prime factors of g.
23
Suppose 0 = -5*l - 11*t + 8*t + 2159, 415 = l - 5*t. What are the prime factors of l?
2, 5, 43
Suppose -17*s + 22*s = 1610. What are the prime factors of s?
2, 7, 23
Suppose -5*t - 4*h + 2 = -6, -2*t - 5*h = -10. Suppose t = -2*r + 2 - 8, -p - 4*r = -75. List the prime factors of p.
3, 29
Suppose 0 = -83*x + 84*x - 264. What are the prime factors of x?
2, 3, 11
Let t(w) = -w**2 + 23*w + 48. Let o(c) = c**3 - 22*c**2 + 3*c - 46. Let j be o(22). List the prime factors of t(j).
2, 3
Let d = -3 + 6. Suppose 64 = 4*b - y, -97 = -0*b - 5*b - d*y. What are the prime factors of b?
17
Let h = 587 + 35. What are the prime factors of h?
2, 311
Let p(f) = 520*f. Let l be p(1). Suppose 0*k + l = 4*k. 